[INFO] cloning repository https://github.com/Crypto-Advisor/ActixWebTaskService
[INFO] running `Command { std: "git" "-c" "credential.helper=" "-c" "credential.helper=/workspace/cargo-home/bin/git-credential-null" "clone" "--bare" "https://github.com/Crypto-Advisor/ActixWebTaskService" "/workspace/cache/git-repos/https%3A%2F%2Fgithub.com%2FCrypto-Advisor%2FActixWebTaskService", kill_on_drop: false }`
[INFO] [stderr] Cloning into bare repository '/workspace/cache/git-repos/https%3A%2F%2Fgithub.com%2FCrypto-Advisor%2FActixWebTaskService'...
[INFO] running `Command { std: "git" "rev-parse" "HEAD", kill_on_drop: false }`
[INFO] [stdout] 26218137fbb052c26ae31c014c9cc4fe7fcabb77
[INFO] checking Crypto-Advisor/ActixWebTaskService against master#9610dfe5a9a731ced1ea4923ecbd0c57fe367898 for beta-170-4
[INFO] running `Command { std: "git" "clone" "/workspace/cache/git-repos/https%3A%2F%2Fgithub.com%2FCrypto-Advisor%2FActixWebTaskService" "/workspace/builds/worker-6-tc1/source", kill_on_drop: false }`
[INFO] [stderr] Cloning into '/workspace/builds/worker-6-tc1/source'...
[INFO] [stderr] done.
[INFO] [stderr] Updating files:  88% (2208/2508)
Updating files:  89% (2233/2508)
Updating files:  90% (2258/2508)
Updating files:  91% (2283/2508)
Updating files:  92% (2308/2508)
Updating files:  93% (2333/2508)
Updating files:  94% (2358/2508)
Updating files:  95% (2383/2508)
Updating files:  96% (2408/2508)
Updating files:  97% (2433/2508)
Updating files:  98% (2458/2508)
Updating files:  99% (2483/2508)
Updating files: 100% (2508/2508)
Updating files: 100% (2508/2508), done.
[INFO] validating manifest of git repo https://github.com/Crypto-Advisor/ActixWebTaskService on toolchain 9610dfe5a9a731ced1ea4923ecbd0c57fe367898
[INFO] running `Command { std: CARGO_HOME="/workspace/cargo-home" RUSTUP_HOME="/workspace/rustup-home" "/workspace/cargo-home/bin/cargo" "+9610dfe5a9a731ced1ea4923ecbd0c57fe367898" "metadata" "--manifest-path" "Cargo.toml" "--no-deps", kill_on_drop: false }`
[INFO] started tweaking git repo https://github.com/Crypto-Advisor/ActixWebTaskService
[INFO] finished tweaking git repo https://github.com/Crypto-Advisor/ActixWebTaskService
[INFO] tweaked toml for git repo https://github.com/Crypto-Advisor/ActixWebTaskService written to /workspace/builds/worker-6-tc1/source/Cargo.toml
[INFO] crate git repo https://github.com/Crypto-Advisor/ActixWebTaskService already has a lockfile, it will not be regenerated
[INFO] running `Command { std: CARGO_HOME="/workspace/cargo-home" RUSTUP_HOME="/workspace/rustup-home" "/workspace/cargo-home/bin/cargo" "+9610dfe5a9a731ced1ea4923ecbd0c57fe367898" "fetch" "--manifest-path" "Cargo.toml", kill_on_drop: false }`
[INFO] [stderr]     Updating crates.io index
[INFO] [stderr]  Downloading crates ...
[INFO] [stderr]   Downloaded aws-http v0.49.0
[INFO] [stderr]   Downloaded aws-smithy-types v0.49.0
[INFO] [stderr]   Downloaded aws-smithy-query v0.49.0
[INFO] [stderr]   Downloaded aws-sig-auth v0.49.0
[INFO] [stderr]   Downloaded aws-smithy-async v0.49.0
[INFO] [stderr]   Downloaded aws-smithy-xml v0.49.0
[INFO] [stderr]   Downloaded aws-sdk-sso v0.19.0
[INFO] [stderr]   Downloaded aws-smithy-client v0.49.0
[INFO] [stderr]   Downloaded aws-sdk-sts v0.19.0
[INFO] [stderr]   Downloaded aws-types v0.49.0
[INFO] [stderr]   Downloaded aws-config v0.49.0
[INFO] [stderr]   Downloaded aws-sigv4 v0.49.0
[INFO] [stderr]   Downloaded aws-smithy-json v0.49.0
[INFO] [stderr]   Downloaded aws-smithy-http v0.49.0
[INFO] [stderr]   Downloaded aws-endpoint v0.49.0
[INFO] [stderr]   Downloaded aws-smithy-http-tower v0.49.0
[INFO] [stderr]   Downloaded aws-sdk-dynamodb v0.19.0
[INFO] running `Command { std: "docker" "create" "-v" "/var/lib/crater-agent-workspace/builds/worker-6-tc1/target:/opt/rustwide/target:rw,Z" "-v" "/var/lib/crater-agent-workspace/builds/worker-6-tc1/source:/opt/rustwide/workdir:ro,Z" "-v" "/var/lib/crater-agent-workspace/cargo-home:/opt/rustwide/cargo-home:ro,Z" "-v" "/var/lib/crater-agent-workspace/rustup-home:/opt/rustwide/rustup-home:ro,Z" "-e" "SOURCE_DIR=/opt/rustwide/workdir" "-e" "CARGO_TARGET_DIR=/opt/rustwide/target" "-e" "CARGO_HOME=/opt/rustwide/cargo-home" "-e" "RUSTUP_HOME=/opt/rustwide/rustup-home" "-w" "/opt/rustwide/workdir" "-m" "1610612736" "--user" "0:0" "--network" "none" "ghcr.io/rust-lang/crates-build-env/linux@sha256:19e73879b68f455e41552ea35293514db52ea292d993f571636dbffedb77a1ee" "/opt/rustwide/cargo-home/bin/cargo" "+9610dfe5a9a731ced1ea4923ecbd0c57fe367898" "metadata" "--no-deps" "--format-version=1", kill_on_drop: false }`
[INFO] [stdout] 206c706224f198dbb632c6d7538516a93ecf9f8f8d38406b045f080bb56b434c
[INFO] running `Command { std: "docker" "start" "-a" "206c706224f198dbb632c6d7538516a93ecf9f8f8d38406b045f080bb56b434c", kill_on_drop: false }`
[INFO] running `Command { std: "docker" "inspect" "206c706224f198dbb632c6d7538516a93ecf9f8f8d38406b045f080bb56b434c", kill_on_drop: false }`
[INFO] running `Command { std: "docker" "rm" "-f" "206c706224f198dbb632c6d7538516a93ecf9f8f8d38406b045f080bb56b434c", kill_on_drop: false }`
[INFO] [stdout] 206c706224f198dbb632c6d7538516a93ecf9f8f8d38406b045f080bb56b434c
[INFO] running `Command { std: "docker" "create" "-v" "/var/lib/crater-agent-workspace/builds/worker-6-tc1/target:/opt/rustwide/target:rw,Z" "-v" "/var/lib/crater-agent-workspace/builds/worker-6-tc1/source:/opt/rustwide/workdir:ro,Z" "-v" "/var/lib/crater-agent-workspace/cargo-home:/opt/rustwide/cargo-home:ro,Z" "-v" "/var/lib/crater-agent-workspace/rustup-home:/opt/rustwide/rustup-home:ro,Z" "-e" "SOURCE_DIR=/opt/rustwide/workdir" "-e" "CARGO_TARGET_DIR=/opt/rustwide/target" "-e" "CARGO_INCREMENTAL=0" "-e" "RUST_BACKTRACE=full" "-e" "RUSTFLAGS=--cap-lints=forbid" "-e" "RUSTDOCFLAGS=--cap-lints=forbid" "-e" "CARGO_HOME=/opt/rustwide/cargo-home" "-e" "RUSTUP_HOME=/opt/rustwide/rustup-home" "-w" "/opt/rustwide/workdir" "-m" "1610612736" "--user" "0:0" "--network" "none" "ghcr.io/rust-lang/crates-build-env/linux@sha256:19e73879b68f455e41552ea35293514db52ea292d993f571636dbffedb77a1ee" "/opt/rustwide/cargo-home/bin/cargo" "+9610dfe5a9a731ced1ea4923ecbd0c57fe367898" "check" "--frozen" "--all" "--all-targets" "--message-format=json", kill_on_drop: false }`
[INFO] [stdout] 25d55168c2ea46ee4ebdd921bd18eb994fb1813c65417dc2e332f07877cff0a5
[INFO] running `Command { std: "docker" "start" "-a" "25d55168c2ea46ee4ebdd921bd18eb994fb1813c65417dc2e332f07877cff0a5", kill_on_drop: false }`
[INFO] [stderr]    Compiling libc v0.2.133
[INFO] [stderr]    Compiling proc-macro2 v1.0.44
[INFO] [stderr]    Compiling unicode-ident v1.0.4
[INFO] [stderr]    Compiling syn v1.0.100
[INFO] [stderr]     Checking once_cell v1.15.0
[INFO] [stderr]    Compiling log v0.4.17
[INFO] [stderr]    Compiling tokio v1.21.1
[INFO] [stderr]    Compiling futures-task v0.3.24
[INFO] [stderr]    Compiling futures-util v0.3.24
[INFO] [stderr]    Compiling lock_api v0.4.9
[INFO] [stderr]    Compiling num-traits v0.2.15
[INFO] [stderr]     Checking num_threads v0.1.6
[INFO] [stderr]    Compiling time-macros v0.2.4
[INFO] [stderr]    Compiling num-integer v0.1.45
[INFO] [stderr]    Compiling semver v1.0.14
[INFO] [stderr]     Checking either v1.8.0
[INFO] [stderr]     Checking aho-corasick v0.7.19
[INFO] [stderr]     Checking tower-layer v0.3.1
[INFO] [stderr]     Checking tracing-core v0.1.29
[INFO] [stderr]     Checking want v0.3.0
[INFO] [stderr]     Checking bytes-utils v0.1.3
[INFO] [stderr]     Checking zeroize v1.5.7
[INFO] [stderr]    Compiling serde_derive v1.0.145
[INFO] [stderr]    Compiling serde v1.0.145
[INFO] [stderr]    Compiling zstd-safe v5.0.2+zstd.1.5.2
[INFO] [stderr]     Checking alloc-no-stdlib v2.0.4
[INFO] [stderr]     Checking local-waker v0.1.3
[INFO] [stderr]     Checking block-buffer v0.10.3
[INFO] [stderr]    Compiling paste v1.0.9
[INFO] [stderr]     Checking alloc-stdlib v0.2.2
[INFO] [stderr]    Compiling pin-project-lite v0.2.9
[INFO] [stderr]    Compiling fnv v1.0.7
[INFO] [stderr]    Compiling rustversion v1.0.9
[INFO] [stderr]     Checking miniz_oxide v0.5.4
[INFO] [stderr]    Compiling http v0.2.8
[INFO] [stderr]     Checking brotli-decompressor v2.3.2
[INFO] [stderr]     Checking digest v0.10.5
[INFO] [stderr]     Checking regex v1.6.0
[INFO] [stderr]    Compiling rustc_version v0.4.0
[INFO] [stderr]    Compiling quote v1.0.21
[INFO] [stderr]    Compiling jobserver v0.1.25
[INFO] [stderr]     Checking parking_lot_core v0.9.3
[INFO] [stderr]     Checking signal-hook-registry v1.4.0
[INFO] [stderr]     Checking socket2 v0.4.7
[INFO] [stderr]    Compiling cc v1.0.73
[INFO] [stderr]     Checking parking_lot v0.12.1
[INFO] [stderr]     Checking mio v0.8.4
[INFO] [stderr]    Compiling aws-types v0.49.0
[INFO] [stderr]     Checking getrandom v0.2.7
[INFO] [stderr]     Checking actix-service v2.0.2
[INFO] [stderr]    Compiling tracing v0.1.36
[INFO] [stderr]     Checking actix-utils v3.0.0
[INFO] [stderr]     Checking rand_core v0.6.4
[INFO] [stderr]     Checking unicode-normalization v0.1.22
[INFO] [stderr]    Compiling bytestring v1.1.0
[INFO] [stderr]     Checking rand_chacha v0.3.1
[INFO] [stderr]    Compiling cookie v0.16.1
[INFO] [stderr]     Checking urlencoding v2.1.2
[INFO] [stderr]    Compiling convert_case v0.4.0
[INFO] [stderr]     Checking cpufeatures v0.2.5
[INFO] [stderr]     Checking xmlparser v0.13.3
[INFO] [stderr]     Checking rand v0.8.5
[INFO] [stderr]     Checking sha1 v0.10.5
[INFO] [stderr]     Checking brotli v3.3.4
[INFO] [stderr]     Checking flate2 v1.0.24
[INFO] [stderr]     Checking ahash v0.7.6
[INFO] [stderr]     Checking num_cpus v1.13.1
[INFO] [stderr]     Checking idna v0.3.0
[INFO] [stderr]     Checking time v0.3.14
[INFO] [stderr]     Checking language-tags v0.3.2
[INFO] [stderr]     Checking atty v0.2.14
[INFO] [stderr]     Checking aws-smithy-xml v0.49.0
[INFO] [stderr]     Checking uuid v1.1.2
[INFO] [stderr]     Checking env_logger v0.9.1
[INFO] [stderr]    Compiling ring v0.16.20
[INFO] [stderr]    Compiling zstd-sys v2.0.1+zstd.1.5.2
[INFO] [stderr]     Checking url v2.3.1
[INFO] [stderr]     Checking aws-smithy-types v0.49.0
[INFO] [stderr]     Checking aws-smithy-json v0.49.0
[INFO] [stderr]     Checking aws-smithy-query v0.49.0
[INFO] [stderr]    Compiling actix-router v0.5.1
[INFO] [stderr]     Checking tokio-stream v0.1.10
[INFO] [stderr]     Checking actix-rt v2.7.0
[INFO] [stderr]     Checking sct v0.6.1
[INFO] [stderr]     Checking webpki v0.21.4
[INFO] [stderr]     Checking ct-logs v0.8.0
[INFO] [stderr]     Checking rustls v0.19.1
[INFO] [stderr]    Compiling tracing-attributes v0.1.22
[INFO] [stderr]    Compiling futures-macro v0.3.24
[INFO] [stderr]    Compiling pin-project-internal v1.0.12
[INFO] [stderr]    Compiling derive_more v0.99.17
[INFO] [stderr]    Compiling actix-macros v0.2.3
[INFO] [stderr]    Compiling actix-web-codegen v4.1.0
[INFO] [stderr]    Compiling strum_macros v0.24.3
[INFO] [stderr]     Checking tokio-rustls v0.22.0
[INFO] [stderr]     Checking rustls-native-certs v0.5.0
[INFO] [stderr]     Checking pin-project v1.0.12
[INFO] [stderr]     Checking strum v0.24.1
[INFO] [stderr]     Checking tokio-util v0.7.4
[INFO] [stderr]     Checking actix-codec v0.5.0
[INFO] [stderr]     Checking h2 v0.3.14
[INFO] [stderr]     Checking tower v0.4.13
[INFO] [stderr]     Checking aws-smithy-async v0.49.0
[INFO] [stderr]     Checking local-channel v0.1.3
[INFO] [stderr]     Checking actix-server v2.1.1
[INFO] [stderr]     Checking serde_urlencoded v0.7.1
[INFO] [stderr]     Checking serde_json v1.0.85
[INFO] [stderr]     Checking hyper v0.14.20
[INFO] [stderr]     Checking zstd v0.11.2+zstd.1.5.2
[INFO] [stderr]     Checking actix-http v3.2.2
[INFO] [stderr]     Checking aws-smithy-http v0.49.0
[INFO] [stderr]     Checking hyper-rustls v0.22.1
[INFO] [stderr]     Checking aws-smithy-http-tower v0.49.0
[INFO] [stderr]     Checking aws-sigv4 v0.49.0
[INFO] [stderr]     Checking aws-smithy-client v0.49.0
[INFO] [stderr]     Checking aws-sig-auth v0.49.0
[INFO] [stderr]     Checking aws-endpoint v0.49.0
[INFO] [stderr]     Checking aws-http v0.49.0
[INFO] [stderr]     Checking aws-sdk-sts v0.19.0
[INFO] [stderr]     Checking aws-sdk-sso v0.19.0
[INFO] [stderr]     Checking aws-sdk-dynamodb v0.19.0
[INFO] [stderr]     Checking actix-web v4.2.1
[INFO] [stderr]     Checking aws-config v0.49.0
[INFO] [stderr]     Checking ActixWebTaskService v0.1.0 (/opt/rustwide/workdir)
[INFO] [stdout] error: incorrect use of `await`
[INFO] [stdout]   --> src/main.rs:43:11
[INFO] [stdout]    |
[INFO] [stdout] 43 |     .await()
[INFO] [stdout]    |           ^^ help: `await` is not a method call, remove the parentheses
[INFO] [stdout] 
[INFO] [stdout] 
[INFO] [stdout] error: incorrect use of `await`
[INFO] [stdout]   --> src/main.rs:43:11
[INFO] [stdout]    |
[INFO] [stdout] 43 |     .await()
[INFO] [stdout]    |           ^^ help: `await` is not a method call, remove the parentheses
[INFO] [stdout] 
[INFO] [stdout] 
[INFO] [stdout] error[E0433]: failed to resolve: use of undeclared crate or module `create`
[INFO] [stdout]  --> src/api/task.rs:1:5
[INFO] [stdout]   |
[INFO] [stdout] 1 | use create::model::task::Task;
[INFO] [stdout]   |     ^^^^^^ use of undeclared crate or module `create`
[INFO] [stdout] 
[INFO] [stdout] 
[INFO] [stdout] error[E0433]: failed to resolve: use of undeclared crate or module `create`
[INFO] [stdout]  --> src/api/task.rs:1:5
[INFO] [stdout]   |
[INFO] [stdout] 1 | use create::model::task::Task;
[INFO] [stdout]   |     ^^^^^^ use of undeclared crate or module `create`
[INFO] [stdout] 
[INFO] [stdout] 
[INFO] [stdout] error[E0433]: failed to resolve: use of undeclared crate or module `create`
[INFO] [stdout]  --> src/api/task.rs:2:5
[INFO] [stdout]   |
[INFO] [stdout] 2 | use create::model::task::TaskState;
[INFO] [stdout]   |     ^^^^^^ use of undeclared crate or module `create`
[INFO] [stdout] 
[INFO] [stdout] 
[INFO] [stdout] error[E0433]: failed to resolve: use of undeclared crate or module `create`
[INFO] [stdout]  --> src/api/task.rs:2:5
[INFO] [stdout]   |
[INFO] [stdout] 2 | use create::model::task::TaskState;
[INFO] [stdout]   |     ^^^^^^ use of undeclared crate or module `create`
[INFO] [stdout] 
[INFO] [stdout] 
[INFO] [stdout] error[E0433]: failed to resolve: use of undeclared crate or module `create`
[INFO] [stdout]  --> src/api/task.rs:3:5
[INFO] [stdout]   |
[INFO] [stdout] 3 | use create::repository::ddb::DDBRepository;
[INFO] [stdout]   |     ^^^^^^ use of undeclared crate or module `create`
[INFO] [stdout] 
[INFO] [stdout] 
[INFO] [stdout] error[E0433]: failed to resolve: use of undeclared crate or module `create`
[INFO] [stdout]  --> src/api/task.rs:3:5
[INFO] [stdout]   |
[INFO] [stdout] 3 | use create::repository::ddb::DDBRepository;
[INFO] [stdout]   |     ^^^^^^ use of undeclared crate or module `create`
[INFO] [stdout] 
[INFO] [stdout] 
[INFO] [stdout] error[E0432]: unresolved import `aws_config::Config`
[INFO] [stdout]  --> src/repository/ddb.rs:3:5
[INFO] [stdout]   |
[INFO] [stdout] 3 | use aws_config::Config;
[INFO] [stdout]   |     ^^^^^^^^^^^^^^^^^^ no `Config` in the root
[INFO] [stdout]   |
[INFO] [stdout] help: consider importing one of these items instead
[INFO] [stdout]   |
[INFO] [stdout] 3 | use aws_config::timeout::Config;
[INFO] [stdout]   |     ~~~~~~~~~~~~~~~~~~~~~~~~~~~
[INFO] [stdout] 3 | use aws_sdk_dynamodb::Config;
[INFO] [stdout]   |     ~~~~~~~~~~~~~~~~~~~~~~~~
[INFO] [stdout] 
[INFO] [stdout] 
[INFO] [stdout] error[E0432]: unresolved import `aws_config::Config`
[INFO] [stdout]  --> src/repository/ddb.rs:3:5
[INFO] [stdout]   |
[INFO] [stdout] 3 | use aws_config::Config;
[INFO] [stdout]   |     ^^^^^^^^^^^^^^^^^^ no `Config` in the root
[INFO] [stdout]   |
[INFO] [stdout] help: consider importing one of these items instead
[INFO] [stdout]   |
[INFO] [stdout] 3 | use aws_config::timeout::Config;
[INFO] [stdout]   |     ~~~~~~~~~~~~~~~~~~~~~~~~~~~
[INFO] [stdout] 3 | use aws_sdk_dynamodb::Config;
[INFO] [stdout]   |     ~~~~~~~~~~~~~~~~~~~~~~~~
[INFO] [stdout] 
[INFO] [stdout] 
[INFO] [stdout] error[E0425]: cannot find value `reqest` in this scope
[INFO] [stdout]   --> src/api/task.rs:83:9
[INFO] [stdout]    |
[INFO] [stdout] 83 |         reqest.task_type.clone(),
[INFO] [stdout]    |         ^^^^^^ help: a local variable with a similar name exists: `request`
[INFO] [stdout] 
[INFO] [stdout] 
[INFO] [stdout] error[E0425]: cannot find value `reqest` in this scope
[INFO] [stdout]   --> src/api/task.rs:83:9
[INFO] [stdout]    |
[INFO] [stdout] 83 |         reqest.task_type.clone(),
[INFO] [stdout]    |         ^^^^^^ help: a local variable with a similar name exists: `request`
[INFO] [stdout] 
[INFO] [stdout] 
[INFO] [stdout] error[E0425]: cannot find value `completion_request` in this scope
[INFO] [stdout]    --> src/api/task.rs:170:14
[INFO] [stdout]     |
[INFO] [stdout] 170 |         Some(completion_request.result_file.clone())
[INFO] [stdout]     |              ^^^^^^^^^^^^^^^^^^ not found in this scope
[INFO] [stdout] 
[INFO] [stdout] 
[INFO] [stdout] error[E0425]: cannot find value `completion_request` in this scope
[INFO] [stdout]    --> src/api/task.rs:170:14
[INFO] [stdout]     |
[INFO] [stdout] 170 |         Some(completion_request.result_file.clone())
[INFO] [stdout]     |              ^^^^^^^^^^^^^^^^^^ not found in this scope
[INFO] [stdout] 
[INFO] [stdout] 
[INFO] [stdout] error[E0423]: expected value, found struct `DDBRepository`
[INFO] [stdout]   --> src/main.rs:25:39
[INFO] [stdout]    |
[INFO] [stdout] 25 |         let ddb_repo: DDBRepository = DDBRepository.init(
[INFO] [stdout]    |                                       ^^^^^^^^^^^^^- help: use the path separator to refer to an item: `::`
[INFO] [stdout] 
[INFO] [stdout] 
[INFO] [stdout] error[E0423]: expected value, found struct `DDBRepository`
[INFO] [stdout]   --> src/main.rs:25:39
[INFO] [stdout]    |
[INFO] [stdout] 25 |         let ddb_repo: DDBRepository = DDBRepository.init(
[INFO] [stdout]    |                                       ^^^^^^^^^^^^^- help: use the path separator to refer to an item: `::`
[INFO] [stdout] 
[INFO] [stdout] 
[INFO] [stdout] warning: unused import: `uuid::Uuid`
[INFO] [stdout]  --> src/model/task.rs:2:5
[INFO] [stdout]   |
[INFO] [stdout] 2 | use uuid::Uuid;
[INFO] [stdout]   |     ^^^^^^^^^^
[INFO] [stdout]   |
[INFO] [stdout]   = note: `#[warn(unused_imports)]` on by default
[INFO] [stdout] 
[INFO] [stdout] 
[INFO] [stdout] warning: unused import: `self`
[INFO] [stdout]   --> src/main.rs:15:38
[INFO] [stdout]    |
[INFO] [stdout] 15 | use repository::ddb::{DDBRepository, self};
[INFO] [stdout]    |                                      ^^^^
[INFO] [stdout] 
[INFO] [stdout] 
[INFO] [stdout] warning: unused import: `uuid::Uuid`
[INFO] [stdout]  --> src/model/task.rs:2:5
[INFO] [stdout]   |
[INFO] [stdout] 2 | use uuid::Uuid;
[INFO] [stdout]   |     ^^^^^^^^^^
[INFO] [stdout]   |
[INFO] [stdout]   = note: `#[warn(unused_imports)]` on by default
[INFO] [stdout] 
[INFO] [stdout] 
[INFO] [stdout] warning: unused import: `self`
[INFO] [stdout]   --> src/main.rs:15:38
[INFO] [stdout]    |
[INFO] [stdout] 15 | use repository::ddb::{DDBRepository, self};
[INFO] [stdout]    |                                      ^^^^
[INFO] [stdout] 
[INFO] [stdout] 
[INFO] [stdout] error[E0308]: mismatched types
[INFO] [stdout]    --> src/api/task.rs:128:9
[INFO] [stdout]     |
[INFO] [stdout] 126 |     state_transition(
[INFO] [stdout]     |     ---------------- arguments to this function are incorrect
[INFO] [stdout] 127 |         ddb_repo,
[INFO] [stdout] 128 |         task_identifier, 
[INFO] [stdout]     |         ^^^^^^^^^^^^^^^ expected `String`, found `Path<TaskIdentifier>`
[INFO] [stdout]     |
[INFO] [stdout]     = note: expected struct `std::string::String`
[INFO] [stdout]                found struct `actix_web::web::Path<TaskIdentifier>`
[INFO] [stdout] note: function defined here
[INFO] [stdout]    --> src/api/task.rs:94:10
[INFO] [stdout]     |
[INFO] [stdout] 94  | async fn state_transition(
[INFO] [stdout]     |          ^^^^^^^^^^^^^^^^
[INFO] [stdout] 95  |     ddb_repo: Data<DDBRepository>,
[INFO] [stdout] 96  |     task_global_id: String,
[INFO] [stdout]     |     ----------------------
[INFO] [stdout] 
[INFO] [stdout] 
[INFO] [stdout] error[E0308]: mismatched types
[INFO] [stdout]    --> src/api/task.rs:128:9
[INFO] [stdout]     |
[INFO] [stdout] 126 |     state_transition(
[INFO] [stdout]     |     ---------------- arguments to this function are incorrect
[INFO] [stdout] 127 |         ddb_repo,
[INFO] [stdout] 128 |         task_identifier, 
[INFO] [stdout]     |         ^^^^^^^^^^^^^^^ expected `String`, found `Path<TaskIdentifier>`
[INFO] [stdout]     |
[INFO] [stdout]     = note: expected struct `std::string::String`
[INFO] [stdout]                found struct `actix_web::web::Path<TaskIdentifier>`
[INFO] [stdout] note: function defined here
[INFO] [stdout]    --> src/api/task.rs:94:10
[INFO] [stdout]     |
[INFO] [stdout] 94  | async fn state_transition(
[INFO] [stdout]     |          ^^^^^^^^^^^^^^^^
[INFO] [stdout] 95  |     ddb_repo: Data<DDBRepository>,
[INFO] [stdout] 96  |     task_global_id: String,
[INFO] [stdout]     |     ----------------------
[INFO] [stdout] 
[INFO] [stdout] 
[INFO] [stdout] error[E0433]: failed to resolve: use of undeclared type `UUid`
[INFO] [stdout]   --> src/model/task.rs:28:24
[INFO] [stdout]    |
[INFO] [stdout] 28 |             task_uuid: UUid::new_v4().to_string(),
[INFO] [stdout]    |                        ^^^^
[INFO] [stdout]    |                        |
[INFO] [stdout]    |                        use of undeclared type `UUid`
[INFO] [stdout]    |                        help: a struct with a similar name exists (notice the capitalization): `Uuid`
[INFO] [stdout] 
[INFO] [stdout] 
[INFO] [stdout] error[E0433]: failed to resolve: use of undeclared type `UUid`
[INFO] [stdout]   --> src/model/task.rs:28:24
[INFO] [stdout]    |
[INFO] [stdout] 28 |             task_uuid: UUid::new_v4().to_string(),
[INFO] [stdout]    |                        ^^^^
[INFO] [stdout]    |                        |
[INFO] [stdout]    |                        use of undeclared type `UUid`
[INFO] [stdout]    |                        help: a struct with a similar name exists (notice the capitalization): `Uuid`
[INFO] [stdout] 
[INFO] [stdout] 
[INFO] [stdout] error: aborting due to 10 previous errors; 2 warnings emitted
[INFO] [stdout] 
[INFO] [stdout] 
[INFO] [stdout] error: aborting due to 10 previous errors; 2 warnings emitted
[INFO] [stdout] 
[INFO] [stdout] 
[INFO] [stdout] Some errors have detailed explanations: E0308, E0423, E0425, E0432, E0433.
[INFO] [stdout] 
[INFO] [stdout] Some errors have detailed explanations: E0308, E0423, E0425, E0432, E0433.
[INFO] [stdout] 
[INFO] [stdout] For more information about an error, try `rustc --explain E0308`.
[INFO] [stdout] 
[INFO] [stdout] For more information about an error, try `rustc --explain E0308`.
[INFO] [stdout] 
[INFO] [stderr] error: could not compile `ActixWebTaskService` (bin "ActixWebTaskService" test) due to 11 previous errors; 2 warnings emitted
[INFO] [stderr] warning: build failed, waiting for other jobs to finish...
[INFO] [stderr] error: could not compile `ActixWebTaskService` (bin "ActixWebTaskService") due to 11 previous errors; 2 warnings emitted
[INFO] running `Command { std: "docker" "inspect" "25d55168c2ea46ee4ebdd921bd18eb994fb1813c65417dc2e332f07877cff0a5", kill_on_drop: false }`
[INFO] running `Command { std: "docker" "rm" "-f" "25d55168c2ea46ee4ebdd921bd18eb994fb1813c65417dc2e332f07877cff0a5", kill_on_drop: false }`
[INFO] [stdout] 25d55168c2ea46ee4ebdd921bd18eb994fb1813c65417dc2e332f07877cff0a5
